(i)?
2
Let c(w) = -w**2 - 12*w + 5. What is the tens digit of c(-10)?
2
What is the tens digit of 13 + 0 + -9 + 10?
1
Let j(w) = 113*w - 2. What is the units digit of j(1)?
1
Let z = -2 - 1. What is the units digit of (-47)/z - 3/(-9)?
6
What is the hundreds digit of (-200)/6*(-4 + 1)?
1
Let n = 33 + -5. What is the units digit of n?
8
Let w = 74 + 31. What is the hundreds digit of w?
1
Let w(k) be the first derivative of -k**4/4 - k**3 + 3*k**2/2 + k - 2. Let x(n) = -n + 5. Let m be x(9). What is the units digit of w(m)?
5
Suppose 0 = 5*r - 4*m + 46, -m = 2*r + 3*m - 4. What is the units digit of ((-40)/(-12))/((-2)/r)?
0
Let f(v) = v + 3. Let l be f(-9). What is the units digit of ((-4)/l)/((-6)/(-522))?
8
Suppose -169 = -a + 5*l, -173 = -a - 3*l + 7*l. What is the tens digit of a?
8
Let c(q) = -q**3 - 7*q**2 + 6*q - 7. Let d be c(-8). Suppose -2*i + d = -7. What is the units digit of i?
8
Suppose -2*n + 9 = n. Suppose n*d = 4*d - 10. What is the tens digit of d?
1
Suppose h + 0*h + 33 = 3*q, 5*q - 5 = 0. What is the units digit of (h/9)/1*-3?
0
Let z be 1 + -2 + (-6 - -134). Suppose z + 53 = 4*d. Suppose 0*p + d = 5*p. What is the units digit of p?
9
Suppose -2*o + 8 = -3*o. Let d be 1/(1/(24/(-1))). Let h = o - d. What is the units digit of h?
6
Suppose 4*h + 5 = -3, -5*t + 301 = -3*h. Suppose 0 = -2*o - 5*b + t, 2*o + 4*b - 34 = o. What is the tens digit of o?
2
Let c = -14 - -15. What is the units digit of c?
1
Let o(v) = -v**3 + 5*v**2 + 6*v + 2. Let w be o(6). Let q = -5 + w. What is the units digit of (1 + 0/q)*8?
8
Suppose 2*u = -3*m - 2 + 8, -2*m + 2*u = -14. Suppose 0 = -3*g - 3, -m*j + 3*g - 2 = -1. Let z = 2 - j. What is the units digit of z?
3
Let l be 3/12 - 63/12. Suppose 42 = 4*g + 2. Let m = l + g. What is the units digit of m?
5
Let g be 6/15 - (-4)/(-10). Suppose g = 6*t - t - 150. Suppose 0 = 2*m + m - t. What is the tens digit of m?
1
Let g be (-3)/(2/4 - 1). Let h(v) = -4*v - 2 + 5*v**3 - 6*v**3 + 7*v**2 - 3. What is the units digit of h(g)?
7
Suppose -4*h - 9 = -5*i, -2*i - i + 4*h = -7. Let y be -3*(-1)/i + 0. Suppose -4*o - p + 6*p = -43, y*o + 2*p - 38 = 0. What is the units digit of o?
2
Let z be (-4 + 2)/((-2)/(-49)). Let x = -8 - z. What is the tens digit of x?
4
Suppose -w - 1 + 4 = 0. Suppose -2*x = -31 - 25. Suppose 4*v - 79 = -c, w*c - 6*c + x = v. What is the tens digit of v?
1
What is the units digit of 23 + -3 + (5 - 1)?
4
Let w(y) = y**3 - 19*y**2 + 21*y - 15. What is the tens digit of w(18)?
3
Let i = 12 + -7. Suppose i*q - 82 = -17. What is the tens digit of q?
1
Let a(d) be the first derivative of d**2/2 - 6*d - 5. Let z be a(6). Let g(q) = -q + 7. What is the units digit of g(z)?
7
Let o = -86 + 147. What is the units digit of o?
1
Let k = -8 - -11. Let q(g) = 3*g + 4 - 3*g - g. What is the units digit of q(k)?
1
Let d = -1 - -4. Suppose d = -p + 10. Let x = 19 - p. What is the tens digit of x?
1
Suppose 8 = -3*i + 317. What is the units digit of i?
3
Let o = -128 - -225. What is the tens digit of o?
9
Suppose -10 - 2 = 2*x + 3*b, -5*x + 2*b + 8 = 0. Let s = 2 + x. What is the units digit of s?
2
Let v be ((-12)/(-10))/((-9)/(-30)). Suppose 128 = -3*k - c, -3*c + 86 = -2*k - v*c. What is the units digit of 2/(-8) - k/8?
5
Suppose 3*q - 5*u = 8 - 58, -2*q + 4*u = 30. What is the units digit of (-4)/(-6) - q/3?
9
Let r be 6/(-30) + 79/(-5). Let b = r - -40. Suppose 3*w = w + b. What is the tens digit of w?
1
Suppose 0 = -4*o + 1 + 3. Suppose -2*d = -13 + o. What is the units digit of d?
6
Let b(h) = h + 9. Let a be ((-1 - -1) + 1)*47. Suppose 4*u = -5*j - a, -5*u - 5*j + 4*j - 43 = 0. What is the units digit of b(u)?
1
Suppose 2*a - 16 = -2*j, a - 2*j - j = 0. Let k = -10 + a. What is the units digit of (-52)/(-16) - (-1)/k?
3
Let z = -3 - -4. Let y(x) = -x**2 + 4*x + 1. Let q be y(3). What is the units digit of (0 - q)*z/(-2)?
2
Suppose -95 = -5*y + 40. What is the units digit of y?
7
Let g = 23 + -21. Let f be (-1)/(-2) + (-3)/6. Suppose -u = -0*u - 4*x, f = -g*x + 2. What is the units digit of u?
4
Suppose 12 = 4*d, d - 4*d + 494 = 5*x. What is the units digit of x?
7
Let u(p) = p**2 - p + 0*p**3 - p**3 - 4*p**2. Let w be u(-3). Suppose -w*g + 12 = 4*n + g, 4*g = -3*n + 11. What is the units digit of n?
1
Suppose -3*t + 39 = -0*t. Let a(d) = 5 - 4*d + d**2 + t*d + 4. What is the units digit of a(-9)?
9
Suppose -2*z + 147 = -167. What is the hundreds digit of z?
1
Suppose 210 = -7*m + 12*m. What is the tens digit of (-14)/m*(1 + -82)?
2
What is the units digit of 14/63 + 212/18?
2
Let n(b) = b**3 - 7*b**2 + 2*b + 1. Let p be n(7). Suppose -v - 2 = -p. What is the tens digit of v?
1
Suppose 5*y - 363 = -2*k, -3*y - 3*k = -7*k - 223. What is the units digit of y?
3
Suppose p - 2*s - 18 = -s, -4*s + 38 = p. What is the tens digit of p?
2
Suppose -620 = -11*z + 304. What is the tens digit of z?
8
Suppose -10 = -5*y, -q + 5*y - 158 = -5*q. What is the tens digit of q?
3
Suppose 0*t + v = -3*t + 37, -3*t = 2*v - 35. Suppose -3*s = 2*o + 15 + 17, s - 3*o = 4. Let k = s + t. What is the units digit of k?
5
Let l(u) = -2*u + 3. Let m be l(0). Suppose -2*a - 44 = -m*f, -3*f + f - 3*a + 25 = 0. What is the units digit of f?
4
Let r(k) = k - 6. Let h be r(5). Let t be 1/(1 + 6/(-8)). What is the units digit of t + h/(-2)*2?
5
Let s = -4 + 7. Let l = s + -2. What is the units digit of l?
1
Suppose 0 = -u + 65 + 195. What is the hundreds digit of u?
2
Let t be (-4)/(-2*(-3)/(-9)). Let x be ((-8)/6)/((-2)/t). Suppose -2*j = -3*y + 30 - 2, x*y = j + 29. What is the units digit of y?
6
Suppose 2*k - 19 = -0*l + 3*l, 0 = l + k + 3. What is the tens digit of (50/(-8))/(l/20)?
2
Let l(w) = -w**2 + 5*w - 1. Let y be l(4). Suppose 4*q = 2*g - 14, -6*q = -2*q - y*g + 17. What is the units digit of (q/(-4))/(3/6)?
1
Suppose 8 = 5*w + q - 2, 3*w - 28 = -5*q. What is the units digit of w?
1
Suppose 7*g - 2*g - 140 = 0. What is the tens digit of g?
2
Let n be (-2)/(-10) - 24/(-5). Suppose -5*y + n*v + 50 = 0, -4*y - v = 3*v. Suppose y*w + 30 = 3*d, 2*d - 2*w + 3*w = 7. What is the units digit of d?
5
Let b = -3 + 38. What is the tens digit of b?
3
Let c(s) = 101*s**2 + s - 1. What is the tens digit of c(1)?
0
Let x = -72 + 51. What is the tens digit of 3/2*(-238)/x?
1
Let j(y) be the second derivative of y**3/6 - y**2/2 + y. What is the units digit of j(2)?
1
Let a be 3/(-3*2/4). Let t be (-126)/15 + a/(-5). Let o = 8 - t. What is the tens digit of o?
1
Suppose -4*f + 3*j = 2*j - 24, 4*j - 16 = 0. Suppose f = -2*v + 27. What is the tens digit of v?
1
Suppose -2*r + 6 = 2. What is the tens digit of (1 - -2)*3 + r?
1
Let m(v) = -4*v - 12. Let n be m(-8). Let r = -11 + n. What is the units digit of r?
9
Suppose -2*z - w - 2*w = 10, -w - 4 = 0. Let l(h) = 16*h**2 - h. What is the tens digit of l(z)?
1
Let h(x) = -x**3 + 2*x**2 + 4*x + 2. Let l be h(-2). Let q = l - 9. What is the units digit of q?
1
Let c be 1 + 2 + (1 - 1). Suppose -2*h + c = 11. Let b = 5 + h. What is the units digit of b?
1
Suppose 4*i + 5*q = 18, 2*q + q = -2*i + 10. Suppose 0 = -4*f - 4*d + 3*d + 16, i*d - 17 = -3*f. What is the units digit of f?
3
Suppose -9*g = -12*g + 216. What is the units digit of g?
2
What is the units digit of (-45)/(-30)*(-4)/(-6)?
1
Let o(b) = 2*b + 1. Let h(x) = -x**2 + 4*x - 1. Let t(a) = 2*a**2 - 4*a. Let p(r) = -3*h(r) - 2*t(r). Let n be p(-4). What is the units digit of o(n)?
7
Let n = -12 + 31. What is the tens digit of n?
1
Let z = 8 - 4. Suppose 5*r = -4*i + 5*i - 18, 5*r = z*i - 12. What is the units digit of 5 + i + (1 - -1)?
5
Let a = -2 - -6. Suppose -d - a = 0, 0*q + 4 = 2*q - 5*d. What is the units digit of (-4)/(q/9)*2?
9
Suppose 2*i - 4*i = 28. What is the tens digit of i/63 + 292/18?
1
Suppose 2*l + 82 = 3*l + s, -90 = -l - 3*s. Suppose -4*u + p + l = -p, -5*u - 3*p = -70. What is the units digit of u?
7
Suppose -4*r + 5*r - 4 = 0. Suppose -v - 4*k = 19, 5*v + 4*k + 20 = -k. Let h = r - v. What is the units digit of h?
3
Let t(h) = h**2 + 22*h + 50. What is the tens digit of t(-22)?
5
Suppose -4*l + 62 + 94 = 0. What is the tens digit of l?
3
Let i = 14 - 10. Suppose -4*w + 41 = r, 9*w - i*w - r = 58. What is the units digit of w?
1
Suppose -4*u = -j + 80, -3*u = 4*j - 220 - 195. What is the hundreds digit of j?
